What are the prime factors of 203?
7, 29
What are the prime factors of 847?
7, 11
List the prime factors of 44302.
2, 17, 1303
List the prime factors of 15770.
2, 5, 19, 83
List the prime factors of 872.
2, 109
List the prime factors of 13698.
2, 3, 761
List the prime factors of 5887.
7, 29
List the prime factors of 161121.
3, 43, 1249
What are the prime factors of 821?
821
What are the prime factors of 1926?
2, 3, 107
What are the prime factors of 8031?
3, 2677
What are the prime factors of 1930?
2, 5, 193
What are the prime factors of 2099?
2099
List the prime factors of 93625.
5, 7, 107
List the prime factors of 2917.
2917
What are the prime factors of 1677?
3, 13, 43
What are the prime factors of 3579?
3, 1193
List the prime factors of 26252.
2, 6563
List the prime factors of 8864.
2, 277
List the prime factors of 758.
2, 379
What are the prime factors of 2506?
2, 7, 179
What are the prime factors of 19557?
3, 41, 53
List the prime factors of 2092.
2, 523
List the prime factors of 8976.
2, 3, 11, 17
What are the prime factors of 564?
2, 3, 47
What are the prime factors of 329?
7, 47
What are the prime factors of 1105?
5, 13, 17
What are the prime factors of 192?
2, 3
List the prime factors of 12556.
2, 43, 73
What are the prime factors of 39816?
2, 3, 7, 79
List the prime factors of 11248.
2, 19, 37
List the prime factors of 92499.
3, 11, 2803
List the prime factors of 437.
19, 23
List the prime factors of 6866.
2, 3433
What are the prime factors of 9335?
5, 1867
List the prime factors of 8893.
8893
List the prime factors of 16172.
2, 13, 311
List the prime factors of 36507.
3, 43, 283
What are the prime factors of 1709?
1709
What are the prime factors of 619?
619
What are the prime factors of 9122?
2, 4561
What are the prime factors of 698?
2, 349
What are the prime factors of 15081?
3, 11, 457
List the prime factors of 879.
3, 293
What are the prime factors of 944?
2, 59
List the prime factors of 2387.
7, 11, 31
List the prime factors of 7504.
2, 7, 67
List the prime factors of 12774.
2, 3, 2129
What are the prime factors of 703?
19, 37
List the prime factors of 1048.
2, 131
List the prime factors of 8039.
8039
What are the prime factors of 8501?
8501
List the prime factors of 14394.
2, 3, 2399
What are the prime factors of 12111?
3, 11, 367
List the prime factors of 1600.
2, 5
What are the prime factors of 14710?
2, 5, 1471
List the prime factors of 4751.
4751
List the prime factors of 63946.
2, 31973
What are the prime factors of 23763?
3, 89
List the prime factors of 5241.
3, 1747
List the prime factors of 99.
3, 11
List the prime factors of 357.
3, 7, 17
List the prime factors of 1202.
2, 601
List the prime factors of 91908.
2, 3, 23, 37
List the prime factors of 5692.
2, 1423
What are the prime factors of 53510?
2, 5, 5351
What are the prime factors of 336?
2, 3, 7
List the prime factors of 1617.
3, 7, 11
What are the prime factors of 614?
2, 307
List the prime factors of 172994.
2, 67, 1291
What are the prime factors of 153?
3, 17
List the prime factors of 3042.
2, 3, 13
What are the prime factors of 211?
211
What are the prime factors of 7658?
2, 7, 547
What are the prime factors of 8954?
2, 11, 37
List the prime factors of 11594.
2, 11, 17, 31
List the prime factors of 1508.
2, 13, 29
List the prime factors of 6595.
5, 1319
What are the prime factors of 19700?
2, 5, 197
List the prime factors of 30074.
2, 11, 1367
List the prime factors of 1992.
2, 3, 83
List the prime factors of 17.
17
What are the prime factors of 16920?
2, 3, 5, 47
What are the prime factors of 24944?
2, 1559
What are the prime factors of 12849?
3, 4283
What are the prime factors of 13275?
3, 5, 59
List the prime factors of 49456.
2, 11, 281
List the prime factors of 4524.
2, 3, 13, 29
What are the prime factors of 1109?
1109
List the prime factors of 934.
2, 467
What are the prime factors of 21140?
2, 5, 7, 151
What are the prime factors of 9200?
2, 5, 23
List the prime factors of 1745.
5, 349
What are the prime factors of 10380?
2, 3, 5, 173
List the prime factors of 58853.
229, 257
What are the prime factors of 40664?
2, 13, 17, 23
What are the prime factors of 6367?
6367
List the prime factors of 5524.
2, 1381
List the prime factors of 3157.
7, 11, 41
List the prime factors of 7119.
3, 7, 113
What are the prime factors of 3771?
3, 419
List the prime factors of 202.
2, 101
List the prime factors of 99883.
7, 19, 751
What are the prime factors of 9940?
2, 5, 7, 71
What are the prime factors of 69?
3, 23
What are the prime factors of 532?
2, 7, 19
What are the prime factors of 9816?
2, 3, 409
List the prime factors of 3313.
3313
List the prime factors of 7578.
2, 3, 421
List the prime factors of 17195.
5, 19, 181
List the prime factors of 1242.
2, 3, 23
What are the prime factors of 958?
2, 479
List the prime factors of 11389.
7, 1627
List the prime factors of 266.
2, 7, 19
What are the prime factors of 30056?
2, 13, 17
List the prime factors of 113787.
3, 47, 269
List the prime factors of 2956.
2, 739
What are the prime factors of 11515?
5, 7, 47
List the prime factors of 6313.
59, 107
List the prime factors of 19882.
2, 9941
List the prime factors of 20914.
2, 10457
What are the prime factors of 41660?
2, 5, 2083
List the prime factors of 12647.
12647
List the prime factors of 6298.
2, 47, 67
List the prime factors of 2969.
2969
What are the prime factors of 3120?
2, 3, 5, 13
What are the prime factors of 4029?
3, 17, 79
What are the prime factors of 8116?
2, 2029
What are the prime factors of 22653?
3, 839
What are the prime factors of 8192?
2
What are the prime factors of 10053?
3, 1117
What are the prime factors of 29286?
2, 3, 1627
List the prime factors of 2022.
2, 3, 337
List the prime factors of 55482.
2, 3, 7, 1321
What are the prime factors of 21633?
3, 7211
List the prime factors of 2540.
2, 5, 127
What are the prime factors of 69514?
2, 34757
What are the prime factors of 23054?
2, 11527
What are the prime factors of 1723?
1723
List the prime factors of 5029.
47, 107
List the prime factors of 8898.
2, 3, 1483
What are the prime factors of 439?
439
List the prime factors of 24450.
2, 3, 5, 163
List the prime factors of 5706.
2, 3, 317
What are the prime factors of 30046?
2, 83, 181
What are the prime factors of 7983?
3, 887
What are the prime factors of 6184?
2, 773
List the prime factors of 3415.
5, 683
List the prime factors of 17845.
5, 43, 83
List the prime factors of 1840.
2, 5, 23
List the prime factors of 17777.
29, 613
List the prime factors of 10564.
2, 19, 139
What are the prime factors of 206?
2, 103
What are the prime factors of 546?
2, 3, 7, 13
What are the prime factors of 6157?
47, 131
List the prime factors of 18284.
2, 7, 653
List the prime factors of 74750.
2, 5, 13, 23
List the prime factors of 780.
2, 3, 5, 13
List the prime factors of 4933.
4933
What are the prime factors of 478?
2, 239
What are the prime factors of 106105?
5, 21221
What are the prime factors of 8104?
2, 1013
List the prime factors of 2045.
5, 409
List the prime factors of 55010.
2, 5, 5501
What are the prime factors of 3162?
2, 3, 17, 31
What are the prime factors of 42027?
3, 14009
List the prime factors of 39406.
2, 17, 19, 61
What are the prime factors of 2058?
2, 3, 7
List the prime factors of 6939.
3, 257
List the prime factors of 3335.
5, 23, 29
What are the prime factors of 1751?
17, 103
List the prime factors of 1476.
2, 3, 41
List the prime factors of 4640.
2, 5, 29
What are the prime factors of 6404?
2, 1601
List the prime factors of 29869.
7, 17, 251
What are the prime factors of 14936?
2, 1867
What are the prime factors of 22775?
5, 911
List the prime factors of 1569.
3, 523
What are the prime factors of 105776?
2, 11, 601
List the prime factors of 32053.
7, 19, 241
List the prime factors of 1666.
2, 7, 17
List the prime factors of 28975.
5, 19, 61
What are the prime factors of 6511?
17, 383
List the prime factors of 4017.
3, 13, 103
List the prime factors of 430.
2, 5, 43
What are the prime factors of 660?
2, 3, 5, 11
What are the prime factors of 1028?
2, 257
What are the prime factors of 1790?
2, 5, 179
What are the prime factors of 22710?
2, 3, 5, 757
What are the prime factors of 12287?
11, 1117
List the prime factors of 22678.
2, 17, 23